{"id":38,"date":"2015-04-17T10:30:11","date_gmt":"2015-04-17T13:30:11","guid":{"rendered":"http:\/\/estudiorbianco.com\/projetos\/uniquedecor\/uniquetoldos\/?page_id=38"},"modified":"2022-07-28T15:00:55","modified_gmt":"2022-07-28T18:00:55","slug":"uniquetoldos","status":"publish","type":"page","link":"https:\/\/www.uniquetoldos.com.br\/uniquedecor\/","title":{"rendered":"UniqueDecor"},"content":{"rendered":"<p>[et_pb_section bb_built=&#8221;1&#8243; admin_label=&#8221;section&#8221; fullwidth=&#8221;on&#8221;][et_pb_fullwidth_slider admin_label=&#8221;SLIDER TOPO&#8221; auto=&#8221;on&#8221; auto_speed=&#8221;6000&#8243;] [et_pb_slide background_image=&#8221;http:\/\/www.uniquetoldos.com.br\/uniquedecor\/wp-content\/uploads\/2015\/04\/uniquetoldos-topo01.jpg&#8221;]<\/p>\n<div class=\"slider-box\">\n<p>&nbsp;<\/p>\n<h2>Cortinas Rol\u00f4<\/h2>\n<p>A combina\u00e7\u00e3o perfeita para completar seu estilo de decora\u00e7\u00e3o de forma impec\u00e1vel.Com leveza e funcionalidade, ela re\u00fane em um \u00fanico produto suavidade, sofistica\u00e7\u00e3o &#8230;<\/p>\n<\/div>\n<p>[\/et_pb_slide][et_pb_slide background_image=&#8221;http:\/\/www.uniquetoldos.com.br\/uniquedecor\/wp-content\/uploads\/2015\/04\/uniquetoldos-topo02.jpg&#8221;]<\/p>\n<div class=\"slider-box\">\n<h2>Cortina Romana<\/h2>\n<p>Para quem busca um produto inovador, esta cortina atende esta necessidade. Suas varetas proporcionam um toque original e moderno com uma extensa linha de tecidos &#8230;<\/p>\n<\/div>\n<p>[\/et_pb_slide][et_pb_slide background_image=&#8221;http:\/\/www.uniquetoldos.com.br\/uniquedecor\/wp-content\/uploads\/2015\/04\/uniquetoldos-topo03.jpg&#8221;]<\/p>\n<div class=\"slider-box\">\n<h2>Cortina Romana Double Vision<\/h2>\n<p>Esta cortina \u00e9 uma obra de arte. Ela permite a visualiza\u00e7\u00e3o externa sem a necessidade de sua abertura total, controlando a entrada de luz conforme seu recolhimento&#8230;<\/p>\n<\/div>\n<p>[\/et_pb_slide] [\/et_pb_fullwidth_slider][\/et_pb_section][et_pb_section bb_built=&#8221;1&#8243; admin_label=&#8221;section&#8221; background_color=&#8221;#ffffff&#8221; module_id=&#8221;empresa&#8221;][et_pb_row admin_label=&#8221;row&#8221;][et_pb_column type=&#8221;4_4&#8243;][et_pb_text admin_label=&#8221;EMPRESA&#8221;]<\/p>\n<div class=\"titulo\">\n<h2>EMPRESA<\/h2>\n<h3>Prote\u00e7\u00e3o e conforto para ambientes<\/h3>\n<\/div>\n<p>[\/et_pb_text][\/et_pb_column][\/et_pb_row][et_pb_row admin_label=&#8221;row&#8221;][et_pb_column type=&#8221;1_2&#8243;][et_pb_image admin_label=&#8221;Imagem&#8221; src=&#8221;http:\/\/www.uniquetoldos.com.br\/uniquedecor\/wp-content\/uploads\/2015\/04\/7-FOTO-EMPRESA.jpg&#8221; \/][\/et_pb_column][et_pb_column type=&#8221;1_2&#8243;][et_pb_text admin_label=&#8221;Texto&#8221; background_layout=&#8221;light&#8221; text_orientation=&#8221;left&#8221; use_border_color=&#8221;off&#8221; border_color=&#8221;#ffffff&#8221; border_style=&#8221;solid&#8221;]<\/p>\n<h3>Unique Decor &#8211; Solu\u00e7\u00f5es em Persianas e Cortinas<\/h3>\n<p>A Unique Decor Cortinas e Persianas \u00e9 uma divis\u00e3o da Unique Decor Toldos e Coberturas Ltda, uma empresa que comercializa, instala e repara o sistema de cortinas e persianas.<\/p>\n<p>Fique a vontade e navegue em nosso site Unique Decor Cortinas e Persianas ou Unique Decor Toldos e Coberturas e veja as in\u00fameras possibilidades.<\/p>\n<p>Aproveite, a visita \u00e9 sem compromisso e teremos o prazer de ajud\u00e1-lo(a) em seus projetos.<\/p>\n<p>[\/et_pb_text][\/et_pb_column][\/et_pb_row][\/et_pb_section][et_pb_section bb_built=&#8221;1&#8243; admin_label=&#8221;section&#8221; background_color=&#8221;#ffffff&#8221; module_id=&#8221;produtos&#8221;][et_pb_row admin_label=&#8221;row&#8221;][et_pb_column type=&#8221;4_4&#8243;][et_pb_text admin_label=&#8221;PRODUTOS&#8221; module_id=&#8221;produtos&#8221;]<\/p>\n<div class=\"titulo\">\n<h2>PRODUTOS<\/h2>\n<h3>Qualidade, tecnologia e experi\u00eancia<\/h3>\n<\/div>\n<p>[\/et_pb_text][\/et_pb_column][\/et_pb_row][et_pb_row admin_label=&#8221;row&#8221;][et_pb_column type=&#8221;4_4&#8243;][et_pb_text admin_label=&#8221;Texto&#8221; module_id=&#8221;selecioneproduto&#8221;] Selecione abaixo o produto desejado: [\/et_pb_text][et_pb_tabs admin_label=&#8221;Abas&#8221; module_id=&#8221;aba-produto&#8221; use_border_color=&#8221;off&#8221; border_color=&#8221;#ffffff&#8221; border_style=&#8221;solid&#8221;] [et_pb_tab title=&#8221;Cortinas Rol\u00f4&#8221;]<\/p>\n<div class=\"conteudo-img\"><img decoding=\"async\" loading=\"lazy\" class=\"alignleft wp-image-420 size-full\" src=\"http:\/\/www.uniquetoldos.com.br\/uniquedecor\/wp-content\/uploads\/2015\/04\/1-ROLO.jpg\" alt=\"1-rolo\" width=\"468\" height=\"482\" srcset=\"https:\/\/www.uniquetoldos.com.br\/uniquedecor\/wp-content\/uploads\/2015\/04\/1-ROLO.jpg 468w, https:\/\/www.uniquetoldos.com.br\/uniquedecor\/wp-content\/uploads\/2015\/04\/1-ROLO-291x300.jpg 291w\" sizes=\"(max-width: 468px) 100vw, 468px\" \/><\/div>\n<div class=\"conteudo-txt\">A combina\u00e7\u00e3o perfeita para completar seu estilo de decora\u00e7\u00e3o de forma impec\u00e1vel.Com leveza e funcionalidade, ela re\u00fane em um \u00fanico produto suavidade, sofistica\u00e7\u00e3o e versatilidade. Dispon\u00edvel em diversos tecidos, ela permite o fechamento de sacadas nas op\u00e7\u00f5es de tela solar (screen), blackout para um ambiente mais escuro ou simplesmente para decorar seu ambiente de forma pr\u00e1tica e eficiente.<\/div>\n<p>[\/et_pb_tab][et_pb_tab title=&#8221;Cortina Romana&#8221;]<\/p>\n<div id=\"cortinas-romanas\" class=\"conteudo-img\"><img decoding=\"async\" loading=\"lazy\" class=\"alignleft wp-image-421 size-full\" src=\"http:\/\/www.uniquetoldos.com.br\/uniquedecor\/wp-content\/uploads\/2015\/04\/2-ROMANA.jpg\" alt=\"2-romana\" width=\"450\" height=\"338\" srcset=\"https:\/\/www.uniquetoldos.com.br\/uniquedecor\/wp-content\/uploads\/2015\/04\/2-ROMANA.jpg 450w, https:\/\/www.uniquetoldos.com.br\/uniquedecor\/wp-content\/uploads\/2015\/04\/2-ROMANA-300x225.jpg 300w\" sizes=\"(max-width: 450px) 100vw, 450px\" \/><\/div>\n<div class=\"conteudo-txt\">Para quem busca um produto inovador, esta cortina atende esta necessidade. Suas varetas proporcionam um toque original e moderno com uma extensa linha de tecidos para adaptar-se em qualquer ambiente.<\/div>\n<p>[\/et_pb_tab][et_pb_tab title=&#8221;Cortina Romana Double Vision&#8221;]<\/p>\n<div class=\"conteudo-img\"><img decoding=\"async\" loading=\"lazy\" class=\"alignleft wp-image-423 size-full\" src=\"http:\/\/www.uniquetoldos.com.br\/uniquedecor\/wp-content\/uploads\/2015\/04\/3-ROMANA-DOUBLE-VISION.jpg\" alt=\"\" width=\"450\" height=\"338\" srcset=\"https:\/\/www.uniquetoldos.com.br\/uniquedecor\/wp-content\/uploads\/2015\/04\/3-ROMANA-DOUBLE-VISION.jpg 450w, https:\/\/www.uniquetoldos.com.br\/uniquedecor\/wp-content\/uploads\/2015\/04\/3-ROMANA-DOUBLE-VISION-300x225.jpg 300w\" sizes=\"(max-width: 450px) 100vw, 450px\" \/><\/div>\n<div class=\"conteudo-txt\">Esta cortina \u00e9 uma obra de arte. Ela permite a visualiza\u00e7\u00e3o externa sem a necessidade de sua abertura total, controlando a entrada de luz conforme seu recolhimento, al\u00e9m de proporcionar um toque de modernidade.<\/div>\n<p>[\/et_pb_tab][et_pb_tab title=&#8221;Cortina Romana Painel&#8221;]<\/p>\n<div class=\"conteudo-img\"><img decoding=\"async\" loading=\"lazy\" class=\"alignleft wp-image-424 size-full\" src=\"http:\/\/www.uniquetoldos.com.br\/uniquedecor\/wp-content\/uploads\/2015\/04\/4-ROMANA-PAINEL.jpg\" alt=\"\" width=\"450\" height=\"338\" srcset=\"https:\/\/www.uniquetoldos.com.br\/uniquedecor\/wp-content\/uploads\/2015\/04\/4-ROMANA-PAINEL.jpg 450w, https:\/\/www.uniquetoldos.com.br\/uniquedecor\/wp-content\/uploads\/2015\/04\/4-ROMANA-PAINEL-300x225.jpg 300w\" sizes=\"(max-width: 450px) 100vw, 450px\" \/><\/div>\n<div class=\"conteudo-txt\">Para quem quer valorizar espa\u00e7os e enriquecer o ambiente, esta cortina \u00e9 ideal. Al\u00e9m da praticidade, esta pe\u00e7a \u00e9 indicada para acabamentos em grandes v\u00e3os pois, possui um trilho deslizante onde as folhas s\u00e3o recolhidas de forma leve e suave.<\/div>\n<p>[\/et_pb_tab][et_pb_tab title=&#8221;Persianas Horizontais&#8221;]<\/p>\n<div class=\"conteudo-img\"><img decoding=\"async\" loading=\"lazy\" class=\"alignleft wp-image-425 size-full\" src=\"http:\/\/www.uniquetoldos.com.br\/uniquedecor\/wp-content\/uploads\/2015\/04\/6-PERSIANAS-HORIZONTAIS-ALUMINIO.jpg\" alt=\"\" width=\"850\" height=\"630\" srcset=\"https:\/\/www.uniquetoldos.com.br\/uniquedecor\/wp-content\/uploads\/2015\/04\/6-PERSIANAS-HORIZONTAIS-ALUMINIO.jpg 850w, https:\/\/www.uniquetoldos.com.br\/uniquedecor\/wp-content\/uploads\/2015\/04\/6-PERSIANAS-HORIZONTAIS-ALUMINIO-300x222.jpg 300w\" sizes=\"(max-width: 850px) 100vw, 850px\" \/><\/div>\n<div class=\"conteudo-txt\">\u00c9 o modelo mais cl\u00e1ssico de Persiana. Temos mais de 300 op\u00e7\u00f5es de cores e texturas para deixar seu ambiente ainda mais agrad\u00e1vel, seja ele comercial ou residencial.<\/div>\n<p>[\/et_pb_tab][et_pb_tab title=&#8221;Persianas Verticais&#8221;]<\/p>\n<div class=\"conteudo-img\"><a href=\"http:\/\/www.uniquetoldos.com.br\/uniquedecor\/wp-content\/uploads\/2015\/04\/5-PERSIANA-VERTICAL.jpg\"><img decoding=\"async\" loading=\"lazy\" class=\"alignleft wp-image-437 size-full\" src=\"http:\/\/www.uniquetoldos.com.br\/uniquedecor\/wp-content\/uploads\/2015\/04\/5-PERSIANA-VERTICAL.jpg\" alt=\"\" width=\"370\" height=\"493\" srcset=\"https:\/\/www.uniquetoldos.com.br\/uniquedecor\/wp-content\/uploads\/2015\/04\/5-PERSIANA-VERTICAL.jpg 370w, https:\/\/www.uniquetoldos.com.br\/uniquedecor\/wp-content\/uploads\/2015\/04\/5-PERSIANA-VERTICAL-225x300.jpg 225w\" sizes=\"(max-width: 370px) 100vw, 370px\" \/><\/a><\/div>\n<div class=\"conteudo-txt\">\n<p>Alum\u00ednio 16 \/ 25 \/ 50 mm<\/p>\n<p>Esta pe\u00e7a se adapta aos mais variados ambientes por sua variedade de cores e texturas. Produzidas com l\u00e2minas importadas, pintadas com esmalte poli\u00e9ster em forno de altas temperaturas e tratadas com antiest\u00e1tica garantindo maior resist\u00eancia.<\/p>\n<\/div>\n<p>[\/et_pb_tab] [\/et_pb_tabs][\/et_pb_column][\/et_pb_row][\/et_pb_section][et_pb_section bb_built=&#8221;1&#8243; admin_label=&#8221;section&#8221; background_color=&#8221;#ffffff&#8221; background_image=&#8221;http:\/\/www.uniquetoldos.com.br\/uniquedecor\/wp-content\/uploads\/2015\/04\/10-FOTO-DE-TRANSI\u00c7\u00c3O.jpg&#8221; parallax=&#8221;on&#8221;][et_pb_row admin_label=&#8221;row&#8221;][et_pb_column type=&#8221;4_4&#8243;][et_pb_divider admin_label=&#8221;Divisor&#8221; height=&#8221;600&#8243; \/][\/et_pb_column][\/et_pb_row][\/et_pb_section][et_pb_section bb_built=&#8221;1&#8243; admin_label=&#8221;section&#8221; background_color=&#8221;#ffffff&#8221; module_id=&#8221;servicos&#8221;][et_pb_row admin_label=&#8221;row&#8221;][et_pb_column type=&#8221;4_4&#8243;][et_pb_text admin_label=&#8221;SERVI\u00c7OS&#8221;]<\/p>\n<div class=\"titulo\">\n<h2>SERVI\u00c7OS<\/h2>\n<h3>Qualidade, tecnologia e experi\u00eancia<\/h3>\n<\/div>\n<p>[\/et_pb_text][\/et_pb_column][\/et_pb_row][et_pb_row admin_label=&#8221;row&#8221;][et_pb_column type=&#8221;1_2&#8243;][et_pb_text admin_label=&#8221;Texto&#8221;]<\/p>\n<h4>Conhe\u00e7a os servi\u00e7os de alto padr\u00e3o de nossos servi\u00e7os:<\/h4>\n<p>[\/et_pb_text][et_pb_toggle admin_label=&#8221;Pe\u00e7as de reposi\u00e7\u00e3o&#8221; title=&#8221;Pe\u00e7as de reposi\u00e7\u00e3o&#8221; open=&#8221;on&#8221;] Pe\u00e7as de reposi\u00e7\u00e3o de todos os produtos, at\u00e9 mesmo estoque de pe\u00e7as de produtos descontinuados. [\/et_pb_toggle][et_pb_toggle admin_label=&#8221;Projetos&#8221; title=&#8221;Projetos&#8221;] A Unique Cortinas e Persianas oferece a seus clientes projetos em 2D e 3D foto realista onde projetos especiais sejam necess\u00e1rios. [\/et_pb_toggle][\/et_pb_column][et_pb_column type=&#8221;1_2&#8243;][et_pb_image admin_label=&#8221;Imagem&#8221; src=&#8221;http:\/\/www.uniquetoldos.com.br\/uniquedecor\/wp-content\/uploads\/2015\/04\/11-SERVI\u00c7OS.jpg&#8221; \/][\/et_pb_column][\/et_pb_row][\/et_pb_section][et_pb_section bb_built=&#8221;1&#8243; admin_label=&#8221;section&#8221; background_color=&#8221;#e5e5e5&#8243; module_id=&#8221;vantagens&#8221;][et_pb_row admin_label=&#8221;row&#8221;][et_pb_column type=&#8221;4_4&#8243;][et_pb_text admin_label=&#8221;VANTAGENS&#8221;]<\/p>\n<div class=\"titulo\">\n<h2>VANTAGENS<\/h2>\n<h3>Qualidade, tecnologia e experi\u00eancia<\/h3>\n<\/div>\n<p>[\/et_pb_text][\/et_pb_column][\/et_pb_row][et_pb_row admin_label=&#8221;row&#8221;][et_pb_column type=&#8221;1_2&#8243;][et_pb_image admin_label=&#8221;Imagem&#8221; src=&#8221;http:\/\/www.uniquetoldos.com.br\/uniquedecor\/wp-content\/uploads\/2015\/04\/Depositphotos_3200881_original.jpg&#8221; \/][\/et_pb_column][et_pb_column type=&#8221;1_2&#8243;][et_pb_text admin_label=&#8221;Texto&#8221; background_layout=&#8221;light&#8221; text_orientation=&#8221;left&#8221; use_border_color=&#8221;off&#8221; border_color=&#8221;#ffffff&#8221; border_style=&#8221;solid&#8221;]<\/p>\n<ul>\n<li>Qualidade e confian\u00e7a;<\/li>\n<li>Produto completo, testado e aprovado;<\/li>\n<li>Sistema com milhares de clientes satisfeitos;<\/li>\n<li>Acabamento em alto padr\u00e3o de materiais e pintura;<\/li>\n<li>Materiais diversos com centenas de cores e texturas;<\/li>\n<li>Adapt\u00e1vel a qualquer ambiente como janelas portas e varandas;<\/li>\n<\/ul>\n<p>Tudo isso para criar uma total sintonia entre o que \u00e9 produzido, executado e o que o cliente necessita.<\/p>\n<p>[\/et_pb_text][\/et_pb_column][\/et_pb_row][\/et_pb_section][et_pb_section bb_built=&#8221;1&#8243; admin_label=&#8221;section&#8221; background_color=&#8221;#ffffff&#8221; background_image=&#8221;http:\/\/www.uniquetoldos.com.br\/uniquedecor\/wp-content\/uploads\/2015\/04\/persianas-horizontais.jpg&#8221; parallax=&#8221;on&#8221;][et_pb_row admin_label=&#8221;row&#8221;][et_pb_column type=&#8221;4_4&#8243;][et_pb_divider admin_label=&#8221;Divisor&#8221; height=&#8221;600&#8243; \/][\/et_pb_column][\/et_pb_row][\/et_pb_section][et_pb_section bb_built=&#8221;1&#8243; admin_label=&#8221;section&#8221; background_color=&#8221;#e5e5e5&#8243; module_id=&#8221;faleconosco&#8221;][et_pb_row admin_label=&#8221;row&#8221;][et_pb_column type=&#8221;4_4&#8243;][et_pb_text admin_label=&#8221;FALE CONOSCO&#8221;]<\/p>\n<div class=\"titulo\">\n<h2>FALE CONOSCO<\/h2>\n<h3>Teremos um enorme prazer em lhe atender<\/h3>\n<\/div>\n<p>[\/et_pb_text][\/et_pb_column][\/et_pb_row][et_pb_row admin_label=&#8221;row&#8221;][et_pb_column type=&#8221;1_4&#8243;][et_pb_text admin_label=&#8221;Texto&#8221; background_layout=&#8221;light&#8221; text_orientation=&#8221;left&#8221; use_border_color=&#8221;off&#8221; border_color=&#8221;#ffffff&#8221; border_style=&#8221;solid&#8221;]<\/p>\n<div class=\"icone\"><\/div>\n<div class=\"conteudo-txt\">\n<h3>TELEFONES<\/h3>\n<p>S\u00e3o Paulo<br \/>\n<a href=\"https:\/\/api.whatsapp.com\/send?phone=5511982268856&amp;text=Ol%C3%A1,%20vim%20pelo%20site%20Unique Toldos - Toldos e Coberturas\" target=\"_blank\" rel=\"noopener noreferrer\"><i class=\"fab fa-whatsapp\"><\/i> (11) 9 8226-8856<\/a><\/p>\n<p>S\u00e3o Jos\u00e9 dos Campos<br \/>\n<a href=\"https:\/\/api.whatsapp.com\/send?phone=5512991909307&amp;text=Ol%C3%A1,%20vim%20pelo%20site%20Unique%20Toldos%20-%20Toldos%20e%20Coberturas\" target=\"_blank\" rel=\"noopener noreferrer\"><i class=\"fab fa-whatsapp\"><\/i> (12) 9 9190-9307<\/a><\/p>\n<\/div>\n<p>[\/et_pb_text][et_pb_text admin_label=&#8221;Texto&#8221;]<\/p>\n<div class=\"icone\"><\/div>\n<div class=\"conteudo-txt\">\n<h3>E-MAIL<\/h3>\n<p>atendimento@uniquetoldos.com.br<\/p>\n<\/div>\n<p>[\/et_pb_text][\/et_pb_column][et_pb_column type=&#8221;3_4&#8243;][et_pb_contact_form admin_label=&#8221;Formul\u00e1rio de Contato&#8221; captcha=&#8221;off&#8221; email=&#8221;ronei@uniquetoldos.com.br&#8221; title=&#8221;Nova Mensagem &#8211; Unique Decor&#8221; custom_message=&#8221;Nome: %%Name%%||et_pb_line_break_holder||E-mail: %%Email%%||et_pb_line_break_holder||Mensagem: %%Message%%&#8221; module_id=&#8221;et_pb_contact_form_0&#8243; use_redirect=&#8221;off&#8221; input_border_radius=&#8221;0&#8243; use_border_color=&#8221;off&#8221; border_color=&#8221;#ffffff&#8221; border_style=&#8221;solid&#8221; custom_button=&#8221;off&#8221; button_letter_spacing=&#8221;0&#8243; button_use_icon=&#8221;default&#8221; button_icon_placement=&#8221;right&#8221; button_on_hover=&#8221;on&#8221; button_letter_spacing_hover=&#8221;0&#8243;] [et_pb_contact_field field_id=&#8221;Name&#8221; field_title=&#8221;Nome&#8221;][\/et_pb_contact_field][et_pb_contact_field field_id=&#8221;Email&#8221; field_title=&#8221;E-mail&#8221; field_type=&#8221;email&#8221;][\/et_pb_contact_field][et_pb_contact_field field_id=&#8221;Message&#8221; field_title=&#8221;Mensagem&#8221; field_type=&#8221;text&#8221; fullwidth_field=&#8221;on&#8221;][\/et_pb_contact_field] [\/et_pb_contact_form][\/et_pb_column][\/et_pb_row][\/et_pb_section][et_pb_section bb_built=&#8221;1&#8243; admin_label=&#8221;section&#8221; background_color=&#8221;#ffffff&#8221; background_image=&#8221;http:\/\/www.uniquetoldos.com.br\/uniquedecor\/wp-content\/uploads\/2015\/04\/fundo-uniquetoldos.jpg&#8221; parallax=&#8221;on&#8221; module_id=&#8221;divulgacao&#8221;][et_pb_row admin_label=&#8221;row&#8221;][et_pb_column type=&#8221;4_4&#8243;][et_pb_cta admin_label=&#8221;Chamada \u00e0 A\u00e7\u00e3o&#8221; button_url=&#8221;http:\/\/www.uniquetoldos.com.br\/uniquetoldos&#8221; button_text=&#8221;SAIBA MAIS&#8221; use_background_color=&#8221;off&#8221;] Para toldos e coberturas conhe\u00e7a a: \u00a0 <img decoding=\"async\" loading=\"lazy\" class=\"aligncenter size-full wp-image-162\" src=\"http:\/\/www.uniquetoldos.com.br\/uniquedecor\/wp-content\/uploads\/2015\/04\/logo-banner-uniquetoldos1.png\" alt=\"logo-banner-uniquetoldos\" width=\"231\" height=\"73\" \/> A Unique Decor \u00e9 uma empresa com mais de 20 anos de experi\u00eancia no mercado de toldos de alto padr\u00e3o e coberturas de policarbonato, comercializando projetos e solu\u00e7\u00f5es. [\/et_pb_cta][\/et_pb_column][\/et_pb_row][\/et_pb_section]<\/p>\n","protected":false},"excerpt":{"rendered":"<p>[et_pb_section bb_built=&#8221;1&#8243; admin_label=&#8221;section&#8221; fullwidth=&#8221;on&#8221;][et_pb_fullwidth_slider admin_label=&#8221;SLIDER TOPO&#8221; auto=&#8221;on&#8221; auto_speed=&#8221;6000&#8243;] [et_pb_slide background_image=&#8221;http:\/\/www.uniquetoldos.com.br\/uniquedecor\/wp-content\/uploads\/2015\/04\/uniquetoldos-topo01.jpg&#8221;] &nbsp; Cortinas Rol\u00f4 A combina\u00e7\u00e3o perfeita para completar seu estilo de decora\u00e7\u00e3o de forma impec\u00e1vel.Com leveza e funcionalidade, ela re\u00fane em um \u00fanico produto suavidade, sofistica\u00e7\u00e3o &#8230; [\/et_pb_slide][et_pb_slide background_image=&#8221;http:\/\/www.uniquetoldos.com.br\/uniquedecor\/wp-content\/uploads\/2015\/04\/uniquetoldos-topo02.jpg&#8221;] Cortina Romana Para quem busca um produto inovador, esta cortina atende esta necessidade. Suas varetas proporcionam [&hellip;]<\/p>\n","protected":false},"author":1,"featured_media":0,"parent":0,"menu_order":0,"comment_status":"open","ping_status":"open","template":"","meta":[],"_links":{"self":[{"href":"https:\/\/www.uniquetoldos.com.br\/uniquedecor\/wp-json\/wp\/v2\/pages\/38"}],"collection":[{"href":"https:\/\/www.uniquetoldos.com.br\/uniquedecor\/wp-json\/wp\/v2\/pages"}],"about":[{"href":"https:\/\/www.uniquetoldos.com.br\/uniquedecor\/wp-json\/wp\/v2\/types\/page"}],"author":[{"embeddable":true,"href":"https:\/\/www.uniquetoldos.com.br\/uniquedecor\/wp-json\/wp\/v2\/users\/1"}],"replies":[{"embeddable":true,"href":"https:\/\/www.uniquetoldos.com.br\/uniquedecor\/wp-json\/wp\/v2\/comments?post=38"}],"version-history":[{"count":138,"href":"https:\/\/www.uniquetoldos.com.br\/uniquedecor\/wp-json\/wp\/v2\/pages\/38\/revisions"}],"predecessor-version":[{"id":542,"href":"https:\/\/www.uniquetoldos.com.br\/uniquedecor\/wp-json\/wp\/v2\/pages\/38\/revisions\/542"}],"wp:attachment":[{"href":"https:\/\/www.uniquetoldos.com.br\/uniquedecor\/wp-json\/wp\/v2\/media?parent=38"}],"curies":[{"name":"wp","href":"https:\/\/api.w.org\/{rel}","templated":true}]}}